3097
Calculate the highest common factor of 46788 and 4067.
7
Calculate the greatest common factor of 110 and 154274615.
55
Calculate the greatest common divisor of 40 and 6247328.
8
Calculate the greatest common factor of 6056 and 1936.
8
What is the greatest common factor of 576 and 2954208?
96
What is the greatest common factor of 192 and 241849080?
24
Calculate the greatest common divisor of 16129771 and 7105.
1421
What is the highest common factor of 1313 and 325079913?
101
What is the greatest common divisor of 3567945 and 6045?
465
What is the highest common divisor of 262 and 7232903?
131
Calculate the highest common factor of 14120 and 629360.
40
Calculate the highest common factor of 363116 and 20644.
52
What is the greatest common factor of 1312203 and 93?
3
Calculate the highest common factor of 433096 and 301.
43
Calculate the highest common factor of 8884097 and 33896.
223
What is the greatest common factor of 222505 and 350?
5
Calculate the greatest common divisor of 216 and 1034883.
27
What is the highest common divisor of 98316 and 62898?
6
What is the greatest common factor of 50949 and 4293?
81
Calculate the highest common divisor of 73878989 and 1283.
1283
What is the greatest common factor of 8350688 and 64?
32
Calculate the highest common divisor of 27 and 17309907.
9
What is the highest common factor of 537117 and 777?
21
Calculate the highest common divisor of 23170 and 18144.
14
Calculate the highest common factor of 133 and 23963940.
133
Calculate the highest common factor of 715176 and 1057672.
616
Calculate the highest common divisor of 1184 and 86211184.
592
What is the greatest common divisor of 3724 and 1267545328?
3724
Calculate the greatest common divisor of 89196300 and 345.
345
What is the greatest common divisor of 11 and 575184709?
11
What is the greatest common factor of 191910 and 885?
15
What is the highest common divisor of 23012424 and 1377?
1377
What is the highest common divisor of 6956 and 1172?
4
Calculate the greatest common divisor of 14898719 and 2563.
2563
Calculate the greatest common divisor of 7311396 and 8.
4
Calculate the greatest common divisor of 1187607 and 3634.
79
Calculate the greatest common divisor of 90970 and 247841.
11
What is the highest common factor of 25 and 784115?
5
Calculate the highest common factor of 5502725 and 53.
53
Calculate the highest common factor of 8073440 and 32240.
80
Calculate the highest common divisor of 22608 and 119808.
144
Calculate the greatest common factor of 481 and 44478668.
13
What is the highest common divisor of 180464 and 134192?
16
Calculate the greatest common factor of 2325969 and 6453.
27
What is the greatest common factor of 5973486 and 77653?
1159
Calculate the greatest common factor of 34991 and 17899487.
3181
What is the highest common factor of 305259 and 621576?
291
What is the greatest common factor of 235507 and 221743?
31
What is the greatest common divisor of 125 and 118636975?
25
What is the highest common divisor of 702 and 378715545?
117
What is the highest common factor of 1025516 and 2?
2
Calculate the greatest common divisor of 65590 and 21630.
70
What is the highest common factor of 12616800 and 6600?
600
Calculate the highest common factor of 54 and 28631835.
9
What is the highest common factor of 3332 and 1925046?
34
What is the greatest common divisor of 423901 and 1022807?
3889
Calculate the greatest common factor of 5504 and 153024.
64
What is the highest common divisor of 5808 and 79536?
48
What is the highest common factor of 5451 and 5987889?
69
What is the greatest common factor of 3199 and 6881?
7
What is the greatest common factor of 21743820 and 2520?
1260
Calculate the greatest common factor of 4 and 42602282.
2
What is the highest common divisor of 45028442 and 38?
38
Calculate the greatest common factor of 690039 and 1491.
21
Calculate the greatest common factor of 847242408 and 32.
8
Calculate the greatest common divisor of 2106544 and 1408.
176
Calculate the greatest common factor of 13632 and 146152.
8
What is the greatest common factor of 347234632 and 172?
172
What is the highest common factor of 35223 and 3221400?
177
Calculate the greatest common divisor of 437296 and 656.
16
What is the greatest common factor of 232957712 and 184248?
6824
What is the highest common divisor of 718750 and 782?
46
Calculate the greatest common factor of 122519 and 4250.
17
Calculate the highest common factor of 4071880 and 280.
40
Calculate the greatest common factor of 12749978 and 9694.
74
Calculate the greatest common factor of 328 and 42351073.
41
Calculate the highest common factor of 168552 and 1440.
72
Calculate the greatest common factor of 5980787 and 408.
17
Calculate the highest common factor of 2920131 and 3152.
197
Calculate the greatest common factor of 11148454 and 1994.
1994
Calculate the highest common divisor of 2935 and 108921959.
587
Calculate the highest common factor of 256850 and 4800.
50
What is the greatest common factor of 3360 and 362145?
105
Calculate the highest common divisor of 79524208 and 64.
16
Calculate the highest common divisor of 559 and 562739151.
559
Calculate the highest common factor of 896 and 29119258.
14
What is the highest common divisor of 13857 and 889359?
93
Calculate the highest common factor of 8208 and 10327272.
24
What is the greatest common divisor of 1837813 and 76?
19
Calculate the greatest common divisor of 1785 and 1118955.
15
Calculate the greatest common divisor of 335 and 309808.
67
Calculate the highest common divisor of 16656400 and 400.
400
What is the greatest common divisor of 8762742 and 4374?
162
What is the highest common factor of 21 and 32620?
7
Calculate the greatest common factor of 4983 and 34744798.
1661
Calculate the greatest common divisor of 9792 and 878544.
144
What is the highest common factor of 7944 and 390119248?
2648
What is the greatest common divisor of 150 and 90401760?
30
Calculate the highest common factor of 320 and 34726480.
80
What is the highest common factor of 1664 and 129686752?
416
What is the highest common factor of 1476 and 30625032?
492
What is the highest common divisor of 10131 and 1440483?
33
What is the greatest common factor of 3 and 39482343?
3
What is the greatest common factor of 109089 and 117?
9
Calculate the greatest common divisor of 3081987 and 113661.
657
What is the greatest common factor of 12105588 and 80868?
3516
Calculate the highest common factor of 91574 and 200074.
434
What is the greatest common divisor of 11958813 and 270?
27
Calculate the highest common factor of 2764 and 5504.
4
Calculate the highest common divisor of 585880 and 72944.
776
What is the greatest common factor of 110619 and 18649544?
4097
What is the highest common factor of 4479168 and 59520?
192
Calculate the highest common factor of 69 and 31340467.
23
What is the greatest common factor of 19907489 and 4876?
1219
Calculate the highest common divisor of 66250 and 1491950.
2650
Calculate the highest common divisor of 330 and 3769230.
30
Calculate the highest common divisor of 1038 and 26725386.
1038
What is the greatest common divisor of 90450 and 463350?
150
Calculate the highest common divisor of 31276593 and 9.
9
Calculate the greatest common divisor of 6018 and 19305921.
177
Calculate the highest common divisor of 1601 and 751735141.
1601
Calculate the highest common divisor of 2400 and 84786150.
150
Calculate the greatest common divisor of 191 and 48900011.
191
Calculate the greatest common divisor of 16 and 265352.
8
Calculate the greatest common divisor of 657199 and 217571.
2243
Calculate the highest common divisor of 16227 and 134810310.
1803
What is the highest common factor of 36038736 and 1044?
36
Calculate the greatest common divisor of 970 and 390683990.
970
Calculate the greatest common divisor of 117440 and 385280.
320
Calculate the highest common divisor of 32 and 198692.
4
Calculate the greatest common divisor of 237153494 and 292.
146
What is the highest common divisor of 8482966 and 340?
34
What is the greatest common divisor of 199 and 15691747?
199
Calculate the greatest common factor of 304804 and 31996.
1684
What is the greatest common divisor of 11998 and 7167091?
857
Calculate the greatest common div